{"id":548,"date":"2026-01-07T00:15:37","date_gmt":"2026-01-07T00:15:37","guid":{"rendered":"https:\/\/enjoytravelaccessible.com\/?post_type=testimonies&#038;p=548"},"modified":"2026-02-06T00:11:28","modified_gmt":"2026-02-06T00:11:28","slug":"fernando-lago","status":"publish","type":"testimonies","link":"https:\/\/enjoytravelaccessible.com\/fr\/?post_type=testimonies&p=548","title":{"rendered":"Fernando Lago"},"content":{"rendered":"\n<p>Le voyage \u00e0 Cuba a \u00e9t\u00e9 une exp\u00e9rience inoubliable, le traitement du premier au dernier jour a \u00e9t\u00e9 exquis. Les d\u00e9parts ont \u00e9t\u00e9 con\u00e7us dans les moindres d\u00e9tails, tous accessibles avec des transports priv\u00e9s et adapt\u00e9s. Dans les deux destinations, les h\u00f4tels \u00e9taient de cat\u00e9gorie 5 *, avec un personnel tr\u00e8s aimable et attentif \u00e0 nos besoins en mati\u00e8re de mobilit\u00e9. Je recommande ce voyage \u00e0 100 %.   <\/p>\n","protected":false},"featured_media":538,"template":"","class_list":["post-548","testimonies","type-testimonies","status-publish","has-post-thumbnail","hentry"],"acf":[],"yoast_head":"<!-- This site is optimized with the Yoast SEO plugin v27.2 - https:\/\/yoast.com\/product\/yoast-seo-wordpress\/ -->\n<title>Fernando Lago% % - Web Accessible Enjoy travel group% Web Accessible Enjoy travel group%.<\/title>\n<meta name=\"robots\" content=\"index, follow, max-snippet:-1, max-image-preview:large, max-video-preview:-1\" \/>\n<link rel=\"canonical\" href=\"https:\/\/enjoytravelaccessible.com\/fr\/?post_type=testimonies&p=548\" \/>\n<meta property=\"og:locale\" content=\"fr_FR\" \/>\n<meta property=\"og:type\" content=\"article\" \/>\n<meta property=\"og:title\" content=\"Fernando Lago% % - Web Accessible Enjoy travel group% Web Accessible Enjoy travel group%.\" \/>\n<meta property=\"og:description\" content=\"Le voyage \u00e0 Cuba a \u00e9t\u00e9 une exp\u00e9rience inoubliable, le traitement du premier au dernier jour a \u00e9t\u00e9 exquis. Les d\u00e9parts ont \u00e9t\u00e9 con\u00e7us dans les moindres d\u00e9tails, tous accessibles avec des transports priv\u00e9s et adapt\u00e9s. Dans les deux destinations, les h\u00f4tels \u00e9taient de cat\u00e9gorie 5 *, avec un personnel tr\u00e8s aimable et attentif \u00e0 [&hellip;]\" \/>\n<meta property=\"og:url\" content=\"https:\/\/enjoytravelaccessible.com\/fr\/?post_type=testimonies&amp;p=548\" \/>\n<meta property=\"og:site_name\" content=\"Web Accessible Enjoy travel group\" \/>\n<meta property=\"article:modified_time\" content=\"2026-02-06T00:11:28+00:00\" \/>\n<meta property=\"og:image\" content=\"https:\/\/enjoytravelaccessible.com\/wp-content\/uploads\/2026\/01\/usuario.png\" \/>\n\t<meta property=\"og:image:width\" content=\"512\" \/>\n\t<meta property=\"og:image:height\" content=\"512\" \/>\n\t<meta property=\"og:image:type\" content=\"image\/png\" \/>\n<meta name=\"twitter:card\" content=\"summary_large_image\" \/>\n<script type=\"application\/ld+json\" class=\"yoast-schema-graph\">{\"@context\":\"https:\/\/schema.org\",\"@graph\":[{\"@type\":\"WebPage\",\"@id\":\"https:\/\/enjoytravelaccessible.com\/fr\/?post_type=testimonies&p=548\",\"url\":\"https:\/\/enjoytravelaccessible.com\/fr\/?post_type=testimonies&p=548\",\"name\":\"Fernando Lago% % - Web Accessible Enjoy travel group% Web Accessible Enjoy travel group%.\",\"isPartOf\":{\"@id\":\"https:\/\/enjoytravelaccessible.com\/fr\/#website\"},\"primaryImageOfPage\":{\"@id\":\"https:\/\/enjoytravelaccessible.com\/fr\/?post_type=testimonies&p=548#primaryimage\"},\"image\":{\"@id\":\"https:\/\/enjoytravelaccessible.com\/fr\/?post_type=testimonies&p=548#primaryimage\"},\"thumbnailUrl\":\"https:\/\/enjoytravelaccessible.com\/wp-content\/uploads\/2026\/01\/usuario.png\",\"datePublished\":\"2026-01-07T00:15:37+00:00\",\"dateModified\":\"2026-02-06T00:11:28+00:00\",\"breadcrumb\":{\"@id\":\"https:\/\/enjoytravelaccessible.com\/fr\/?post_type=testimonies&p=548#breadcrumb\"},\"inLanguage\":\"fr-FR\",\"potentialAction\":[{\"@type\":\"ReadAction\",\"target\":[\"https:\/\/enjoytravelaccessible.com\/fr\/?post_type=testimonies&p=548\"]}]},{\"@type\":\"ImageObject\",\"inLanguage\":\"fr-FR\",\"@id\":\"https:\/\/enjoytravelaccessible.com\/fr\/?post_type=testimonies&p=548#primaryimage\",\"url\":\"https:\/\/enjoytravelaccessible.com\/wp-content\/uploads\/2026\/01\/usuario.png\",\"contentUrl\":\"https:\/\/enjoytravelaccessible.com\/wp-content\/uploads\/2026\/01\/usuario.png\",\"width\":512,\"height\":512},{\"@type\":\"BreadcrumbList\",\"@id\":\"https:\/\/enjoytravelaccessible.com\/fr\/?post_type=testimonies&p=548#breadcrumb\",\"itemListElement\":[{\"@type\":\"ListItem\",\"position\":1,\"name\":\"Page d'accueil\",\"item\":\"https:\/\/enjoytravelaccessible.com\/fr\/accueil\/\"},{\"@type\":\"ListItem\",\"position\":2,\"name\":\"Fernando Lago\"}]},{\"@type\":\"WebSite\",\"@id\":\"https:\/\/enjoytravelaccessible.com\/fr\/#website\",\"url\":\"https:\/\/enjoytravelaccessible.com\/fr\/\",\"name\":\"Web Accessible Enjoy travel group\",\"description\":\"Viajes Accesibles | Turismo Adaptado para Todos | Enjoy Travel Accessible\",\"alternateName\":\"Enjoy travel accesible\",\"potentialAction\":[{\"@type\":\"SearchAction\",\"target\":{\"@type\":\"EntryPoint\",\"urlTemplate\":\"https:\/\/enjoytravelaccessible.com\/fr\/?s={search_term_string}\"},\"query-input\":{\"@type\":\"PropertyValueSpecification\",\"valueRequired\":true,\"valueName\":\"search_term_string\"}}],\"inLanguage\":\"fr-FR\"}]}<\/script>\n<!-- \/ Yoast SEO plugin. -->","yoast_head_json":{"title":"Fernando Lago% % - Web Accessible Enjoy travel group% Web Accessible Enjoy travel group%.","robots":{"index":"index","follow":"follow","max-snippet":"max-snippet:-1","max-image-preview":"max-image-preview:large","max-video-preview":"max-video-preview:-1"},"canonical":"https:\/\/enjoytravelaccessible.com\/fr\/?post_type=testimonies&p=548","og_locale":"fr_FR","og_type":"article","og_title":"Fernando Lago% % - Web Accessible Enjoy travel group% Web Accessible Enjoy travel group%.","og_description":"Le voyage \u00e0 Cuba a \u00e9t\u00e9 une exp\u00e9rience inoubliable, le traitement du premier au dernier jour a \u00e9t\u00e9 exquis. Les d\u00e9parts ont \u00e9t\u00e9 con\u00e7us dans les moindres d\u00e9tails, tous accessibles avec des transports priv\u00e9s et adapt\u00e9s. Dans les deux destinations, les h\u00f4tels \u00e9taient de cat\u00e9gorie 5 *, avec un personnel tr\u00e8s aimable et attentif \u00e0 [&hellip;]","og_url":"https:\/\/enjoytravelaccessible.com\/fr\/?post_type=testimonies&p=548","og_site_name":"Web Accessible Enjoy travel group","article_modified_time":"2026-02-06T00:11:28+00:00","og_image":[{"width":512,"height":512,"url":"https:\/\/enjoytravelaccessible.com\/wp-content\/uploads\/2026\/01\/usuario.png","type":"image\/png"}],"twitter_card":"summary_large_image","schema":{"@context":"https:\/\/schema.org","@graph":[{"@type":"WebPage","@id":"https:\/\/enjoytravelaccessible.com\/fr\/?post_type=testimonies&p=548","url":"https:\/\/enjoytravelaccessible.com\/fr\/?post_type=testimonies&p=548","name":"Fernando Lago% % - Web Accessible Enjoy travel group% Web Accessible Enjoy travel group%.","isPartOf":{"@id":"https:\/\/enjoytravelaccessible.com\/fr\/#website"},"primaryImageOfPage":{"@id":"https:\/\/enjoytravelaccessible.com\/fr\/?post_type=testimonies&p=548#primaryimage"},"image":{"@id":"https:\/\/enjoytravelaccessible.com\/fr\/?post_type=testimonies&p=548#primaryimage"},"thumbnailUrl":"https:\/\/enjoytravelaccessible.com\/wp-content\/uploads\/2026\/01\/usuario.png","datePublished":"2026-01-07T00:15:37+00:00","dateModified":"2026-02-06T00:11:28+00:00","breadcrumb":{"@id":"https:\/\/enjoytravelaccessible.com\/fr\/?post_type=testimonies&p=548#breadcrumb"},"inLanguage":"fr-FR","potentialAction":[{"@type":"ReadAction","target":["https:\/\/enjoytravelaccessible.com\/fr\/?post_type=testimonies&p=548"]}]},{"@type":"ImageObject","inLanguage":"fr-FR","@id":"https:\/\/enjoytravelaccessible.com\/fr\/?post_type=testimonies&p=548#primaryimage","url":"https:\/\/enjoytravelaccessible.com\/wp-content\/uploads\/2026\/01\/usuario.png","contentUrl":"https:\/\/enjoytravelaccessible.com\/wp-content\/uploads\/2026\/01\/usuario.png","width":512,"height":512},{"@type":"BreadcrumbList","@id":"https:\/\/enjoytravelaccessible.com\/fr\/?post_type=testimonies&p=548#breadcrumb","itemListElement":[{"@type":"ListItem","position":1,"name":"Page d'accueil","item":"https:\/\/enjoytravelaccessible.com\/fr\/accueil\/"},{"@type":"ListItem","position":2,"name":"Fernando Lago"}]},{"@type":"WebSite","@id":"https:\/\/enjoytravelaccessible.com\/fr\/#website","url":"https:\/\/enjoytravelaccessible.com\/fr\/","name":"Web Accessible Enjoy travel group","description":"Viajes Accesibles | Turismo Adaptado para Todos | Enjoy Travel Accessible","alternateName":"Enjoy travel accesible","potentialAction":[{"@type":"SearchAction","target":{"@type":"EntryPoint","urlTemplate":"https:\/\/enjoytravelaccessible.com\/fr\/?s={search_term_string}"},"query-input":{"@type":"PropertyValueSpecification","valueRequired":true,"valueName":"search_term_string"}}],"inLanguage":"fr-FR"}]}},"_links":{"self":[{"href":"https:\/\/enjoytravelaccessible.com\/fr\/wp-json\/wp\/v2\/testimonies\/548","targetHints":{"allow":["GET"]}}],"collection":[{"href":"https:\/\/enjoytravelaccessible.com\/fr\/wp-json\/wp\/v2\/testimonies"}],"about":[{"href":"https:\/\/enjoytravelaccessible.com\/fr\/wp-json\/wp\/v2\/types\/testimonies"}],"wp:featuredmedia":[{"embeddable":true,"href":"https:\/\/enjoytravelaccessible.com\/fr\/wp-json\/wp\/v2\/media\/538"}],"wp:attachment":[{"href":"https:\/\/enjoytravelaccessible.com\/fr\/wp-json\/wp\/v2\/media?parent=548"}],"curies":[{"name":"wp","href":"https:\/\/api.w.org\/{rel}","templated":true}]}}

<p>Le voyage à Cuba a été une expérience inoubliable, le traitement du premier au dernier jour a été exquis. Les départs ont été conçus dans les moindres détails, tous accessibles avec des transports privés et adaptés. Dans les deux destinations, les hôtels étaient de catégorie 5 *, avec un personnel très aimable et attentif à nos besoins en matière de mobilité. Je recommande ce voyage à 100 %.   </p>

<!-- This site is optimized with the Yoast SEO plugin v27.2 - https://yoast.com/product/yoast-seo-wordpress/ -->
<title>Fernando Lago% % - Web Accessible Enjoy travel group% Web Accessible Enjoy travel group%.</title>
<meta name="robots" content="index, follow, max-snippet:-1, max-image-preview:large, max-video-preview:-1" />
<link rel="canonical" href="https://enjoytravelaccessible.com/fr/?post_type=testimonies&p=548" />
<meta property="og:locale" content="fr_FR" />
<meta property="og:type" content="article" />
<meta property="og:title" content="Fernando Lago% % - Web Accessible Enjoy travel group% Web Accessible Enjoy travel group%." />
<meta property="og:description" content="Le voyage à Cuba a été une expérience inoubliable, le traitement du premier au dernier jour a été exquis. Les départs ont été conçus dans les moindres détails, tous accessibles avec des transports privés et adaptés. Dans les deux destinations, les hôtels étaient de catégorie 5 *, avec un personnel très aimable et attentif à [&hellip;]" />
<meta property="og:url" content="https://enjoytravelaccessible.com/fr/?post_type=testimonies&amp;p=548" />
<meta property="og:site_name" content="Web Accessible Enjoy travel group" />
<meta property="article:modified_time" content="2026-02-06T00:11:28+00:00" />
<meta property="og:image" content="https://enjoytravelaccessible.com/wp-content/uploads/2026/01/usuario.png" />
	<meta property="og:image:width" content="512" />
	<meta property="og:image:height" content="512" />
	<meta property="og:image:type" content="image/png" />
<meta name="twitter:card" content="summary_large_image" />
<script type="application/ld+json" class="yoast-schema-graph">{"@context":"https://schema.org","@graph":[{"@type":"WebPage","@id":"https://enjoytravelaccessible.com/fr/?post_type=testimonies&p=548","url":"https://enjoytravelaccessible.com/fr/?post_type=testimonies&p=548","name":"Fernando Lago% % - Web Accessible Enjoy travel group% Web Accessible Enjoy travel group%.","isPartOf":{"@id":"https://enjoytravelaccessible.com/fr/#website"},"primaryImageOfPage":{"@id":"https://enjoytravelaccessible.com/fr/?post_type=testimonies&p=548#primaryimage"},"image":{"@id":"https://enjoytravelaccessible.com/fr/?post_type=testimonies&p=548#primaryimage"},"thumbnailUrl":"https://enjoytravelaccessible.com/wp-content/uploads/2026/01/usuario.png","datePublished":"2026-01-07T00:15:37+00:00","dateModified":"2026-02-06T00:11:28+00:00","breadcrumb":{"@id":"https://enjoytravelaccessible.com/fr/?post_type=testimonies&p=548#breadcrumb"},"inLanguage":"fr-FR","potentialAction":[{"@type":"ReadAction","target":["https://enjoytravelaccessible.com/fr/?post_type=testimonies&p=548"]}]},{"@type":"ImageObject","inLanguage":"fr-FR","@id":"https://enjoytravelaccessible.com/fr/?post_type=testimonies&p=548#primaryimage","url":"https://enjoytravelaccessible.com/wp-content/uploads/2026/01/usuario.png","contentUrl":"https://enjoytravelaccessible.com/wp-content/uploads/2026/01/usuario.png","width":512,"height":512},{"@type":"BreadcrumbList","@id":"https://enjoytravelaccessible.com/fr/?post_type=testimonies&p=548#breadcrumb","itemListElement":[{"@type":"ListItem","position":1,"name":"Page d'accueil","item":"https://enjoytravelaccessible.com/fr/accueil/"},{"@type":"ListItem","position":2,"name":"Fernando Lago"}]},{"@type":"WebSite","@id":"https://enjoytravelaccessible.com/fr/#website","url":"https://enjoytravelaccessible.com/fr/","name":"Web Accessible Enjoy travel group","description":"Viajes Accesibles | Turismo Adaptado para Todos | Enjoy Travel Accessible","alternateName":"Enjoy travel accesible","potentialAction":[{"@type":"SearchAction","target":{"@type":"EntryPoint","urlTemplate":"https://enjoytravelaccessible.com/fr/?s={search_term_string}"},"query-input":{"@type":"PropertyValueSpecification","valueRequired":true,"valueName":"search_term_string"}}],"inLanguage":"fr-FR"}]}</script>
<!-- / Yoast SEO plugin. -->

Le voyage à Cuba a été une expérience inoubliable, le traitement du premier au dernier jour a été exquis. Les départs ont été conçus dans les moindres détails, tous accessibles avec des transports privés et adaptés. Dans les deux destinations, les hôtels étaient de catégorie 5 *, avec un personnel très aimable et attentif à [&hellip;]
